{"id":12,"date":"2012-05-13T14:30:26","date_gmt":"2012-05-13T17:30:26","guid":{"rendered":"http:\/\/grupohw.com.br\/site\/?page_id=12"},"modified":"2015-03-16T14:49:54","modified_gmt":"2015-03-16T17:49:54","slug":"12-2","status":"publish","type":"page","link":"http:\/\/grupohw.com.br\/site\/","title":{"rendered":""},"content":{"rendered":"<h1><font color=\"red\">Lan\u00e7amento:<\/font> Sistema Anti-Furto HW<\/h1>\n<div style=\"width:600px; float:left;\">\n<p>Visando proporcionar seguran\u00e7a e bem-estar ao nosso cliente, possu\u00edmos o sistema Anti furto HW que consiste em marca\u00e7\u00f5es com micro pontos aplicados diretamente no ve\u00edculo com o n\u00famero da placa:<\/p>\n<p><iframe loading=\"lazy\" src=\"https:\/\/www.youtube.com\/embed\/rbUeXVjeW8w\" frameborder=\"0\" width=\"560\" height=\"315\"><\/iframe>\n<\/div>\n<div style=\"width:270px; float:left;  font-size:16px;\">\n<ul style=\"padding-top:50px;\">\n<li>Dificulta o furto e roubo do veiculo;<\/li>\n<li>As etiquetas s\u00e3o fixas, sem remo\u00e7\u00e3o e n\u00e3o agride a estrutura do ve\u00edculo;<\/li>\n<li>O sistema \u00e9 inovador;<\/li>\n<li>A aplica\u00e7\u00e3o \u00e9 feita em diversas partes do veiculo;<\/li>\n<li>Aplica\u00e7\u00e3o \u00e9 r\u00e1pida;<\/li>\n<li>Praticidade com possibilidade de aplica\u00e7\u00e3o na empresa.<\/li>\n<\/ul>\n<\/div>\n<div style=\"clear:both;\"><\/div>\n<h1>Seja Bem-vindo ao Grupo HW<\/h1>\n<p style=\"text-align: justify;\">O Grupo HW apresenta solu\u00e7\u00f5es completas para implementos automotivos, chapea\u00e7\u00e3o e pintura, com\u00e9rcio de pe\u00e7as e acess\u00f3rios, al\u00e9m de recuperadora de ve\u00edculos diesel. Um Grupo que conta com a solidez de mais de 10 anos de estrada, proporcionando o melhor para o caminhoneiro. Se passar por S\u00e3o Marcos, voc\u00ea pode ter a certeza de que o Grupo HW atender\u00e1 as suas necessidades nos mais diversos servi\u00e7os para caminh\u00f5es. Convidamos voc\u00ea a conhecer melhor o grupo explorando nosso site institucional. Obrigado pela sua visita!<\/p>\n<p><a href=\"\/globo\"><img decoding=\"async\" class=\"alignleft size-full wp-image-260\" style=\"margin-right: 22px; margin-bottom: 52px;\" onmouseover=\"this.src='http:\/\/grupohw.com.br\/site\/wp-content\/uploads\/2012\/08\/globo-13.png';\" onmouseout=\"this.src='http:\/\/grupohw.com.br\/site\/wp-content\/uploads\/2012\/08\/globo3.png';\" src=\"http:\/\/grupohw.com.br\/site\/wp-content\/uploads\/2012\/08\/globo3.png\" alt=\"\" width=\"23%\" \/> <\/a><\/p>\n<p><a href=\"\/latao\"><img decoding=\"async\" class=\"alignleft size-full wp-image-259\" style=\"margin-top: -10px; margin-right: 19px; margin-bottom: 52px;\" onmouseover=\"this.src='http:\/\/grupohw.com.br\/site\/wp-content\/uploads\/2012\/08\/latao-11.png';\" onmouseout=\"this.src='http:\/\/grupohw.com.br\/site\/wp-content\/uploads\/2012\/08\/latao.png';\" src=\"http:\/\/grupohw.com.br\/site\/wp-content\/uploads\/2012\/08\/latao.png\" alt=\"\" width=\"23%\" \/> <!--?a --><\/a><\/p>\n<p><a href=\"\/hw\"><img decoding=\"async\" class=\"alignleft size-full wp-image-261\" style=\"margin-top: -25px; margin-right: 19px; margin-bottom: 52px;\" onmouseover=\"this.src='http:\/\/grupohw.com.br\/site\/wp-content\/uploads\/2012\/08\/hw-13.png';\" onmouseout=\"this.src='http:\/\/grupohw.com.br\/site\/wp-content\/uploads\/2012\/08\/hw4.png';\" src=\"http:\/\/grupohw.com.br\/site\/wp-content\/uploads\/2012\/08\/hw4.png\" alt=\"\" width=\"23%\" \/> <\/a><\/p>\n<p><a href=\"\/hw-recuperadora\"><img decoding=\"async\" class=\"alignleft size-full wp-image-262\" style=\"margin-top: -40px; margin-bottom: 52px; position: relative; clear: right;\" onmouseover=\"this.src='http:\/\/grupohw.com.br\/site\/wp-content\/uploads\/2012\/08\/recuperadora-11.png';\" onmouseout=\"this.src='http:\/\/grupohw.com.br\/site\/wp-content\/uploads\/2012\/08\/recuperadora.png';\" src=\"http:\/\/grupohw.com.br\/site\/wp-content\/uploads\/2012\/08\/recuperadora.png\" alt=\"\" width=\"23%\" \/> <\/a><\/p>\n","protected":false},"excerpt":{"rendered":"<p>Lan\u00e7amento: Sistema Anti-Furto HW Visando proporcionar seguran\u00e7a e bem-estar ao nosso cliente, possu\u00edmos o sistema Anti furto HW que consiste em marca\u00e7\u00f5es com micro pontos aplicados diretamente no ve\u00edculo com o n\u00famero da placa: Dificulta o furto e roubo do veiculo; As etiquetas s\u00e3o fixas, sem remo\u00e7\u00e3o [&hellip;]<\/p>\n","protected":false},"author":1,"featured_media":0,"parent":0,"menu_order":0,"comment_status":"closed","ping_status":"closed","template":"page-FullWidth.php","meta":{"footnotes":""},"class_list":["post-12","page","type-page","status-publish","hentry"],"aioseo_notices":[],"_links":{"self":[{"href":"http:\/\/grupohw.com.br\/site\/wp-json\/wp\/v2\/pages\/12","targetHints":{"allow":["GET"]}}],"collection":[{"href":"http:\/\/grupohw.com.br\/site\/wp-json\/wp\/v2\/pages"}],"about":[{"href":"http:\/\/grupohw.com.br\/site\/wp-json\/wp\/v2\/types\/page"}],"author":[{"embeddable":true,"href":"http:\/\/grupohw.com.br\/site\/wp-json\/wp\/v2\/users\/1"}],"replies":[{"embeddable":true,"href":"http:\/\/grupohw.com.br\/site\/wp-json\/wp\/v2\/comments?post=12"}],"version-history":[{"count":184,"href":"http:\/\/grupohw.com.br\/site\/wp-json\/wp\/v2\/pages\/12\/revisions"}],"predecessor-version":[{"id":727,"href":"http:\/\/grupohw.com.br\/site\/wp-json\/wp\/v2\/pages\/12\/revisions\/727"}],"wp:attachment":[{"href":"http:\/\/grupohw.com.br\/site\/wp-json\/wp\/v2\/media?parent=12"}],"curies":[{"name":"wp","href":"https:\/\/api.w.org\/{rel}","templated":true}]}}